?
-13
Let d(v) = -3*v**2 + 2*v + 13. What is d(4)?
-27
Let n(j) = -17*j - 33. What is n(-2)?
1
Let o(s) = 3*s - 4. Give o(-2).
-10
Let f(a) = a - 21. Determine f(0).
-21
Let n(a) = -2*a**2 - 22*a - 17. Determine n(-11).
-17
Let b(a) = -a**3 + 8*a**2 + 13*a - 20. What is b(9)?
16
Let s(p) = p**2 - p. What is s(3)?
6
Let q(k) = -83*k**3 - k**2. Give q(-1).
82
Let j(r) = 10*r - 455. What is j(45)?
-5
Let x(b) = -10*b + 155. Calculate x(14).
15
Let f(p) = -2*p**3 - 5*p**2 + 2*p + 2. Give f(-3).
5
Let y(o) = -o**3 + 5*o**2 + 3*o + 11. Calculate y(6).
-7
Let b(y) = -y**3 - 11*y**2 + 12*y + 41. Calculate b(-12).
41
Let j(k) = -k**2 - 19*k - 32. Determine j(-2).
2
Let p(y) = -2*y**3 + 20*y**2 + 2*y - 22. Determine p(10).
-2
Let n(b) = b**3 - 9*b**2 + 6. What is n(9)?
6
Let b(n) = 45*n**2 + 1486*n + 27. Determine b(-33).
-6
Let v(o) = -o**2 + 15*o - 12. What is v(16)?
-28
Let g(i) = i + 34. Calculate g(-13).
21
Let h(r) = 3*r**3 + 2*r**2 - 9*r - 2. Give h(3).
70
Let g(c) = c**2 - 5*c - 17. What is g(7)?
-3
Let v(s) = -37*s + 224. What is v(5)?
39
Let j(o) = 2*o**3 + 6*o**2 + 3*o + 6. Give j(-4).
-38
Let q(n) = 12*n - 1. Calculate q(-2).
-25
Let r(h) = h**2 - h - 1. What is r(-5)?
29
Let d(n) = n**2 + 4*n - 2. Determine d(-5).
3
Let i(g) = g**3 - 10*g**2 - 2*g + 23. Calculate i(10).
3
Let l(x) = x**2 - 11*x - 6. Calculate l(8).
-30
Let b(d) = -d**3 + d**2 + d - 22. What is b(0)?
-22
Let h(f) = -f**3 - 39*f**2 - f - 67. What is h(-39)?
-28
Let w(g) = -7*g + 62. Determine w(9).
-1
Let j(n) = -n + 15. What is j(0)?
15
Let j(m) = -21*m**3 + 7*m**2 - 8*m + 1. What is j(1)?
-21
Let v(t) = -t**3 + 4*t**2 + 7*t - 1. Determine v(5).
9
Let b(c) = -c**3 + 2*c**2 + c - 7. Give b(0).
-7
Let m(n) = -n**3 + 2*n**2 - n + 5. Determine m(2).
3
Let l(s) = -s**3 + 8*s**2 + 10*s - 12. What is l(9)?
-3
Let n(h) = -14*h - 20. Determine n(13).
-202
Let y(f) = -5*f**2 + 60*f - 51. What is y(11)?
4
Let r(d) = d**3 + 11*d**2 + 18*d + 17. Determine r(-7).
87
Let m(k) = k**2 + 17*k + 57. Determine m(-14).
15
Let f(i) = i**3 - 8*i**2 - 6*i - 22. Determine f(9).
5
Let b(t) = -2*t**2 + 5*t + 9. Calculate b(3).
6
Let z(o) = -o**3 - 8*o**2 + 15*o + 17. Give z(-9).
-37
Let j(m) = -m**3 + 3*m + 4. Calculate j(-3).
22
Let b(v) = -v**3 + 2*v**2 - v + 15. Determine b(3).
3
Let q(l) = 3*l**2 + 35*l + 20. Determine q(-15).
170
Let v(k) = 2*k**3 - 8*k**2 - 17*k + 61. What is v(4)?
-7
Let x(f) = 3*f + 40. Determine x(-5).
25
Let b(x) = 3*x**2 - 15*x + 4. Give b(5).
4
Let c(q) = 19*q**2 + 2*q - 6. Calculate c(-3).
159
Let o(i) = -7*i - 1. Give o(-4).
27
Let o(p) = -p**2 - 6*p + 1. Determine o(-5).
6
Let x(y) = y**3 - 7*y**2 - 6*y + 1. Determine x(8).
17
Let p(h) = -h**2 - 16*h - 76. Give p(-9).
-13
Let p(j) = j**3 + 7*j**2 + 6*j - 4. Calculate p(-7).
-46
Let j(k) = 2*k**3 + 17*k**2 - 7*k + 14. Calculate j(-9).
-4
Let l(z) = -6*z**3 - z**2 + 1. Calculate l(2).
-51
Let g(h) = 11*h - 72. Determine g(10).
38
Let g(c) = 45*c**2 - 1. Determine g(-1).
44
Let u(t) = t**3 + t + 4. Calculate u(0).
4
Let n(c) = 4*c - 13. Calculate n(-9).
-49
Let g(s) = 79*s - 8. Determine g(1).
71
Let v(m) = m + 6. Calculate v(-10).
-4
Let u(g) = g**3 - 18*g**2 + 19*g - 3. Determine u(17).
31
Let p(k) = 2*k**2 - 18*k + 1. Calculate p(7).
-27
Let g(r) = r**2 - 11*r + 4. Give g(12).
16
Let s(d) = 3*d**2 - 14*d + 16. Give s(8).
96
Let y(g) = -36*g - 1. What is y(-1)?
35
Let g(d) = -4*d + 11. Determine g(6).
-13
Let n(k) = -k**3 - 18*k**2 + 40*k + 8. Calculate n(-20).
8
Let p(l) = -l**3 - 7*l**2 + 12*l + 19. Calculate p(-8).
-13
Let l(r) = -r**3 - 3*r**2 + 2*r - 3. Calculate l(-4).
5
Let z(c) = -5*c - 4. What is z(-10)?
46
Let l(v) = v**3 + 4*v**2 + 3*v + 12. Determine l(-6).
-78
Let b(u) = u**2 - 9*u + 12. What is b(8)?
4
Let o(z) = -z**2 + 31*z - 249. Calculate o(15).
-9
Let b(i) = -i**3 - 21*i**2 - 51*i + 2. Determine b(-3).
-7
Let u(k) = -k**2 + 7*k - 9. Give u(6).
-3
Let n(z) = z**3 - 9*z**2 + 5*z - 44. What is n(9)?
1
Let z(n) = -4*n**2 + 25*n + 23. What is z(7)?
2
Let u(t) = 9*t**2 + t + 2. Determine u(-2).
36
Let s(z) = 98*z + 6. Give s(0).
6
Let u(b) = b**3 + 7*b**2 - 3*b + 4. Calculate u(-7).
25
Let b(k) = 3*k - 81. What is b(17)?
-30
Let c(a) = a**2 + 14*a - 134. What is c(6)?
-14
Let q(f) = -5*f + 39. Determine q(4).
19
Let i(b) = -13*b - 104. Determine i(-6).
-26
Let n(t) = 2*t**3 + 11*t**2 - 5*t - 4. Give n(-6).
-10
Let c(n) = -n**2 + 11*n + 9. Give c(6).
39
Let q(h) = -h**2 - h + 6. What is q(0)?
6
Let f(p) = p**2 - 3*p - 3. Calculate f(5).
7
Let d(k) = -7*k**3 - 36*k**2 - 7*k - 3. Calculate d(-5).
7
Let t(d) = -d**2 + 6*d - 1. Determine t(9).
-28
Let c(b) = b**2 - 48. Determine c(13).
121
Let b(h) = -h**3 - 8*h**2 - 14*h - 14. Calculate b(-6).
-2
Let y(k) = k**3 - 6*k**2 - 3*k - 14. Give y(7).
14
Let h(v) = v**3 - 4*v**2 - 2*v + 3. What is h(2)?
-9
Let d(j) = -5*j + 3. Give d(-3).
18
Let l(c) = -6*c**2 - 22*c - 5. Give l(-3).
7
Let r(j) = 2*j**2 + j - 2. Calculate r(1).
1
Let m(n) = -14*n + 239. Give m(17).
1
Let j(s) = -4*s - 201. Give j(-46).
-17
Let q(h) = -5*h - 12. Determine q(-6).
18
Let v(s) = -8*s + 3. What is v(-7)?
59
Let z(f) = -f + 3. What is z(7)?
-4
Let s(r) = -r**3 + 9*r**2 - 2*r + 4. Calculate s(9).
-14
Let g(p) = -p**3 + 26*p**2 + 31*p - 45. Calculate g(27).
63
Let f(n) = -41*n + 45. Calculate f(1).
4
Let p(z) = -z**3 - 9*z**2 + 6*z + 11. Calculate p(-9).
-43
Let w(l) = l**3 + 7*l**2 + 3*l + 4. Calculate w(-7).
-17
Let a(s) = s**2 - 16*s - 36. Determine a(18).
0
Let g(b) = -2*b**3 + 24*b**2 + b - 13. What is g(12)?
-1
Let v(o) = 35*o + 46. Give v(-1).
11
Let v(d) = -d**3 + 2*d**2 + 2*d - 7. Calculate v(-3).
32
Let c(r) = -3*r**2 - 144*r - 9. Calculate c(-48).
-9
Let m(p) = -p**3 + 5*p**2 + 3*p + 6. Determine m(5).
21
Let k(h) = h**2 + 9*h + 25. What is k(-3)?
7
Let a(s) = s**3 + 6*s**2 - 3*s + 15. Give a(-7).
-13
Let f(o) = 27*o + 910. What is f(-34)?
-8
Let g(i) = -i**2 + 14*i - 13. Calculate g(13).
0
Let v(t) = -t**3 - 6*t**2 + 13*t - 1. Calculate v(-9).
125
Let l(a) = 2*a**2 + 16*a + 25. Calculate l(-7).
11
Let u(a) = -3*a - 1. Determine u(-4).
11
Let f(u) = -u**2 - u - 1. Determine f(-3).
-7
Let g(b) = -2*b**3 + 3*b + 4. Give g(-2).
14
Let j(v) = v**3 - 20*v**2 - 27*v + 130. What is j(21)?
4
Let f(g) = -g**3 + 10*g**2 + g - 22. Determine f(10).
-12
Let u(s) = -s**3 - 16*s**2 + 18*s + 23. Determine u(-17).
6
Let r(t) = -t**2 - 9*t - 3. What is r(-8)?
5
Let m(z) = -2*z + 29. Calculate m(16).
-3
Let g(s) = 3*s**3 + 26*s**2 - 8*s + 3. Give g(-9).
-6
Let n(g) = 3*g**2 - 2*g + 3. Give n(2).
11
Let y(d) = 4*d + 37. Determine y(-6).
13
Let h(v) = -v**3 + 6*v**2 - 3*v - 4. Calculate h(4).
16
Let w(s) = -s**3 + 10*s**2 - 3*s + 5. Determine w(11).
-149
Let u(r) = -r**3 + 16*r**2 + 5. Calculate u(16).
5
Let x(g) = g**2 - 7*g + 24. What is x(5)?
14
Let u(s) = 49*s + 731. Determine u(-15).
-4
Let q(i) = -3*i + 1. Calculate q(-2).
7
Let k(r) = -r**2 - r + 8. What is k(0)?
8
Let x(k) = k**3 + 2*k**2 + 6*k + 5. What is x(0)?
5
Let g(b) = b**3 + 11*b**2 - 3*b - 21. Calculate g(-11).
12
Let w(x) = -x**2 - 3*x + 33. Give w(-8).
-7
Let g(s) = s**3 - 5*s**2 - 4*s - 8. Give g(7).
62
Let y(d) = d**2 + 9*d - 30. Determine y(-11).
-8
Let d(y) = y**2 + 19*y + 6. What is d(-14)?
-64
Let s(t) = -t**2 - 3*t - 1. Determine s(-3).
-1
Let p(t) = -t**3 + 7*t**2 + 9*t + 20. What is p(9)?
-61
Let f(h) = 3*h**2 - 26*h - 3. What is f(9)?
6
Let z(g) = -g**3 + 3*g**2 + 3*g + 22. What is z(0)?
22
Let t(j) = j**3 + 4*j**2 + 3*j + 8. What is t(-4)?
-4
Let i(h) = -h**3 - 14*h**2 - h - 8. Determine i(-14).
6
Let s(l) = l**3 - 8*l**2 + 9*l + 9. Give s(7).
23
Let s(l) = -l - 8. Give s(6).
-14
Let y(w) = w**3 + 3*w**2 + 6*w - 4. Calculate y(0).
-4
Let o(b) = -16*b + 96. Calculate o(6).
0
Let s(j) = j**2 + j - 61. What is s(7)?
-5
Let m(r) = r**2 + 23*r - 100. What is m(4)?
8
Let p(l) = -l**3 + 15*l**2 - 44*l + 24. Calculate p(11).
24
Let q(p) = -3*p**3 + 3*p**2 - 6*p - 6. What is q(-3)?
120
Let j(z) = -z**2 + 16*z. Determine j(16).
0
Let i(d) = 29*d - 9. Determine i(1).
20
Let l(n) = 24*n + 285. Calculate l(-10).
45
Let n(t) = -2*t**2 - 18*t + 5. Determine n(-9).
5
Let y(z) = 2*z**2 - 3*z + 16. Calculate y(4).
36
Let r(k) = 33*k - 131. Give r(4).
1
Let b(v) = -9*v**3 + v**2 + 3*v + 2. Determine b(-1).
9
Let o(c) = 43*c**2 + 4*c - 3. 